1 + 10?
110111000110100101
In base 5, what is -22113 - 1031?
-23144
In base 5, what is 1113124 - -22?
1113201
In base 8, what is -33607 - 20?
-33627
In base 6, what is 41 - -104405?
104450
In base 11, what is 49629 + -7?
49622
In base 2, what is -1001101 - 101001011?
-110011000
In base 5, what is -14110 - 434?
-20044
In base 7, what is -4 - -1425131?
1425124
In base 12, what is 8 + -116461?
-116455
In base 11, what is 23 - -94120?
94143
In base 16, what is -19b14 + -2?
-19b16
In base 11, what is -1959 - 1a?
-1978
In base 5, what is 43014 - 22?
42442
In base 12, what is -118a3 + 3?
-118a0
In base 12, what is -1202 + 8a?
-1134
In base 3, what is 1010202111100 - 11?
1010202111012
In base 9, what is -8385387 - 0?
-8385387
In base 2, what is -100001111 + -101001100?
-1001011011
In base 13, what is 68209 + -4?
68205
In base 15, what is -9790 - 9?
-9799
In base 11, what is -18a7 - 5?
-1901
In base 15, what is 2921 - -bb?
29dc
In base 14, what is -4 + -2dd0d6?
-2dd0da
In base 7, what is 6044 - -22?
6066
In base 4, what is 2130 + -1100203?
-1032013
In base 10, what is -4268 + 8?
-4260
In base 14, what is 16 - -539b?
53b3
In base 10, what is -387 + 90?
-297
In base 5, what is -10 - -2423304?
2423244
In base 7, what is 406 - -22?
431
In base 10, what is -2 + -417440?
-417442
In base 3, what is 120210 - -10211121?
11102101
In base 16, what is 6 + -2333?
-232d
In base 3, what is -12112001 - 10220?
-12122221
In base 14, what is -c9b - 4dd?
-139a
In base 5, what is -342202 + -10?
-342212
In base 7, what is 3 + 4114642?
4114645
In base 6, what is 1450123 + -1?
1450122
In base 10, what is 5 - 998139?
-998134
In base 16, what is -3a2 + 51?
-351
In base 11, what is -56827 - 5?
-56831
In base 4, what is 2 - 10200320132?
-10200320130
In base 8, what is 1410 - 54?
1334
In base 16, what is -6446b + 4?
-64467
In base 8, what is -5 - -21713?
21706
In base 5, what is 4 + -4321031?
-4321022
In base 11, what is 5 + 220760?
220765
In base 3, what is 112112212122 + 11?
112112212210
In base 12, what is 6108 + -76?
6052
In base 11, what is 536 + -3912?
-3387
In base 15, what is -144494 + 2?
-144492
In base 9, what is -1086304 - -2?
-1086302
In base 11, what is a179 - 108?
a071
In base 8, what is -676361 - 2?
-676363
In base 8, what is -22412 + -5?
-22417
In base 14, what is -20 + 280cb?
280ab
In base 6, what is -2115 - -151?
-1524
In base 2, what is 101 - 11110011000000010111?
-11110011000000010010
In base 12, what is -22 + 287?
265
In base 5, what is -1 + -200411?
-200412
In base 13, what is -2 + -1bb51?
-1bb53
In base 4, what is 11310102 + 1?
11310103
In base 13, what is -5c + 1169?
110a
In base 16, what is 2 + -20ca?
-20c8
In base 5, what is -1 - -21220?
21214
In base 12, what is -2 - 12735?
-12737
In base 10, what is 44 - 1682?
-1638
In base 7, what is 26453 + 60?
26543
In base 5, what is -112213 + -41?
-112304
In base 11, what is 19 + 551?
56a
In base 12, what is -27384 + 3?
-27381
In base 6, what is 5441 - -335?
10220
In base 15, what is b1 + a32?
ae3
In base 6, what is 22 - -4332055?
4332121
In base 5, what is -1422431 - 3?
-1422434
In base 12, what is 7248 - 12?
7236
In base 5, what is -20202 - -10?
-20142
In base 7, what is 114504 + -4?
114500
In base 14, what is -2c5a + -12?
-2c6c
In base 9, what is -256326 - -2?
-256324
In base 3, what is -2 + -12122112000?
-12122112002
In base 7, what is 501 + 11221?
12022
In base 2, what is -1001101110100110101 - -101?
-1001101110100110000
In base 12, what is 263 - 4229?
-3b86
In base 6, what is -2 + -13224213?
-13224215
In base 3, what is 21211111012000 + -10?
21211111011220
In base 15, what is -2d0 - b?
-2db
In base 11, what is -a + -3625a?
-36269
In base 12, what is 1 + 1261?
1262
In base 15, what is 407 + 308?
710
In base 7, what is 23532 - -111?
23643
In base 3, what is 22 - -120020101?
120020200
In base 8, what is 2 - 1715742?
-1715740
In base 4, what is 120002 + -3023?
110313
In base 3, what is -2120110 + 122202?
-1220201
In base 4, what is -13313 + -100?
-20013
In base 11, what is 568 + 230?
798
In base 12, what is 30904 + -3?
30901
In base 16, what is 8b6 + 19?
8cf
In base 7, what is -4 - 144400?
-144404
In base 10, what is 6585 + 30?
6615
In base 9, what is 12730 - 112?
12617
In base 4, what is -203011122 + 2?
-203011120
In base 6, what is 313 - -25353?
30110
In base 3, what is 102112122 + -21202?
102020220
In base 11, what is 18 + 4a791?
4a7a9
In base 5, what is -210 + -1322?
-2032
In base 14, what is cd51 - -1?
cd52
In base 6, what is -22253 - 520?
-23213
In base 8, what is -1701 - -17?
-1662
In base 10, what is -23 - -69006?
68983
In base 3, what is 20111022 - 22?
20111000
In base 15, what is -1 + 3e2e?
3e2d
In base 3, what is 0 - -1112221?
1112221
In base 4, what is 112 - 31320?
-31202
In base 7, what is -10405 + -366?
-11104
In base 3, what is 212121222 + -10?
212121212
In base 16, what is -5 - 3459?
-345e
In base 4, what is -112 - 10?
-122
In base 7, what is 13001 + -3?
12665
In base 7, what is -3263 - -5?
-3255
In base 16, what is 52 - -24d?
29f
In base 6, what is -3 - 400040?
-400043
In base 10, what is 8920 + 1?
8921
In base 8, what is -3037743 - 5?
-3037750
In base 9, what is -7 - 10106?
-10114
In base 15, what is -5 + -26413?
-26418
In base 2, what is -101 + 10100011001011?
10100011000110
In base 13, what is -1ab2 - 4?
-1ab6
In base 6, what is -1540 - -3434?
1454
In base 15, what is 20d71 - 4?
20d6c
In base 2, what is 11 - -1100011100?
1100011111
In base 9, what is -62 + 233?
161
In base 3, what is -12102221111 - -12?
-12102221022
In base 13, what is -2b96b + 4?
-2b967
In base 3, what is -11 + -222220202?
-222220220
In base 13, what is 5 - -14b60?
14b65
In base 14, what is -6 + -480?
-486
In base 10, what is -446 - 424?
-870
In base 10, what is 23396 - 0?
23396
In base 4, what is 1300 - 1212232?
-1210332
In base 11, what is -1a594 + -3?
-1a597
In base 14, what is 0 - 5321a?
-5321a
In base 12, what is 4288a8 - 0?
4288a8
In base 6, what is 1352243 + -123?
1352120
In base 7, what is 45646 - 114?
45532
In base 7, what is -1 - 2650364?
-2650365
In base 4, what is -22 + -112120?
-112202
In base 14, what is -190 - -18?
-176
In base 2, what is -10011 - 10010000000?
-10010010011
In base 9, what is 2 + 610242?
610244
In base 10, what is -149 + 6171?
6022
In base 7, what is 1021 - -315?
1336
In base 3, what is 1210001 - 12?
1202212
In base 3, what is -21002 - -211020?
120011
In base 11, what is -9130 + -5?
-9135
In base 5, what is -1 + -3110442?
-3110443
In base 10, what is -22307 - 4?
-22311
In base 4, what is 11 + 202311333?
202312010
In base 3, what is 21122001021 - -21?
21122001112
In base 13, what is 1 - 12092?
-12091
In base 7, what is 4162543 + -3?
4162540
In base 6, what is -1441054 + 5?
-1441045
In base 2, what is -10 + 10010011110010100?
10010011110010010
In base 9, what is -1256244 + -5?
-1256250
In base 15, what is 4 - -6d99?
6d9d
In base 11, what is 5363 - -6?
5369
In base 11, what is -5 + 3a4a0?
3a496
In base 6, what is 1 + 301244?
301245
In base 6, what is -4500545 - 1?
-4500550
In base 3, what is 20201221 + -112?
20201102
In base 13, what is 3b43 - -9?
3b4c
In base 5, what is 104441 + -230?
104211
In base 2, what is 100 - -100001010111001?
100001010111101
In base 8, what is 41 - -223252?
223313
In base 2, what is -1100100011111000110111 + 0?
-1100100011111000110111
In base 12, what is -b09 - -213?
-8b6
In base 16, what is 12 - -520d?
521f
In base 6, what is 4 + -144024?
-144020
In base 10, what is 1707 + 9?
1716
In base 14, what is -17573d + 1?
-17573c
In base 9, what is -714 - -137?
-566
In base 6, what is 1310543 - 3?
1310540
In base 12, what is -1a9 + 20?
-189
In base 10, what is -145 + -12?
-157
In base 6, what is -345213 + -5?
-345222
In base 6, what is 5551314 + 5?
5551323
In base 13, what is -2844 + 96?
-277b
In base 7, what is 160 - 101215?
-101025
In base 11, what is -879 - 14?
-892
In base 11, what is 29a1 + -113?
2889
In base 7, what is 223 + -153?
40
In base 15, what is -2 + 72ee?
72ec
In base 2, what is -101110101101001 - -11000?
-101110101010001
In base 4, what is 22331233 - 10?
22331223
In base 16, what is -363 + 276?
-ed
In base 10, what is -44 - 525?
-569
In base 4, what is 321220 - 21?
321133
In base 4, what is -100 - 213222202?
-213222302
In base 13, what is 702 - 7b?
654
In base